
-11111334330
What is -130042a (base 12) in base 4?
-32033121202
Convert -160420 (base 7) to base 3.
-1121002211
Convert -41b94 (base 14) to base 15.
-32049
What is 12012201021 (base 3) in base 16?
190b4
46ca9 (base 15) to base 6
4500253
a109 (base 11) to base 6
142120
What is b31c (base 13) in base 6?
310203
Convert 1a5176 (base 11) to base 12.
131a94
2dd037 (base 14) to base 2
110001001010000011001
Convert -14a7636 (base 13) to base 4.
-121032300031
What is 69746 (base 15) in base 7?
2565624
22100011011212 (base 3) to base 14
8350b8
What is 2ac06 (base 16) in base 6?
3430410
What is -1aa163c (base 14) in base 4?
-302232010212
4550114 (base 6) to base 12
b233a
What is -10211023 (base 4) in base 10?
-18763
104394 (base 11) to base 5
20314331
-13935 (base 15) to base 6
-1202505
Convert -33704 (base 8) to base 13.
-6662
What is 98a9b (base 12) in base 8?
612427
18746716 (base 9) to base 16
90a380
What is 10001011010111100 (base 2) in base 4?
101122330
-2749b5 (base 14) to base 12
-555697
Convert 18c4a05 (base 14) to base 3.
212011012202001
-234b088 (base 12) to base 7
-111654620
What is 1314220020 (base 6) in base 11?
8896504
520020 (base 7) to base 9
144783
35515554 (base 6) to base 8
4200676
What is 611412 (base 8) in base 6?
4152442
d24c2 (base 16) to base 4
3102103002
5530231 (base 6) to base 2
1000011011010101011
What is -356133 (base 8) in base 11?
-83691
5055321 (base 6) to base 2
111010110101000001
Convert -3121244042 (base 5) to base 10.
-6431147
What is -100121203 (base 5) in base 12?
-170836
Convert 141626 (base 11) to base 6.
4430220
What is 211022200102 (base 3) in base 2?
1101011010000111011
114443213 (base 5) to base 12
22444b
24224231 (base 5) to base 4
313120000
What is -409bd (base 14) in base 6?
-3200203
Convert 114714 (base 11) to base 6.
3522010
What is 1611354 (base 14) in base 6?
1023240050
-124459 (base 10) to base 9
-208647
94c39 (base 14) to base 8
1275323
What is 201533111 (base 7) in base 6?
1055341515
Convert 10122211101020 (base 3) to base 10.
1945248
Convert 19a10a (base 11) to base 13.
a9527
Convert -68a3a (base 13) to base 6.
-4030441
-375220 (base 9) to base 3
-102112020200
Convert -69931aa (base 11) to base 6.
-1113450044
What is -10427510 (base 8) in base 9?
-4184133
Convert -2034020 (base 5) to base 12.
-1756b
Convert 4260337 (base 8) to base 12.
46b113
1808554 (base 14) to base 15
1092974
What is 100000110012 (base 3) in base 15?
378bb
-11000101001100000100100 (base 2) to base 5
-3123231401
4311304 (base 5) to base 6
1320332
10011001010010001 (base 2) to base 5
10002411
a83983 (base 12) to base 11
15580a8
68aca3 (base 14) to base 3
20201002011200
15d89e (base 15) to base 2
100000010011000010100
-1010111011010100100 (base 2) to base 13
-c6c86
What is 144541354 (base 6) in base 13?
821452
Convert 175042 (base 9) to base 16.
1a873
Convert 650d2 (base 15) to base 14.
84cbc
-11120102001120 (base 3) to base 15
-32ead0
-3161678 (base 9) to base 16
-19d948
-2423436 (base 7) to base 15
-61670
-14137307 (base 8) to base 3
-20000022010022
Convert 12323132 (base 4) to base 6.
335222
Convert -111011110011110 (base 2) to base 6.
-353434
Convert 451202 (base 7) to base 11.
54953
Convert 131c28 (base 15) to base 11.
577257
419223 (base 10) to base 7
3364140
414051 (base 6) to base 5
2031140
-2644bb6 (base 13) to base 6
-1105201132
What is -278c4 (base 13) in base 9?
-122466
Convert -b8285 (base 12) to base 15.
-4bbde
What is -10100101101000000011011 (base 2) in base 7?
-64062551
1172a38 (base 11) to base 15
2a4242
3b070 (base 12) to base 6
1424220
-618268 (base 9) to base 13
-cb00c
What is 500554 (base 10) in base 3?
221102122001
What is -139450 (base 10) in base 14?
-38b6a
What is 6393a (base 16) in base 8?
1434472
353505 (base 6) to base 2
111011110110001
1800859 (base 11) to base 8
13532411
Convert -1481675 (base 10) to base 11.
-922228
11010012220 (base 3) to base 7
455244
What is 1212504 (base 7) in base 12?
75573
What is 1751a5 (base 14) in base 5?
202231142
Convert 212002211 (base 3) to base 2.
100000111001011
23430 (base 10) to base 13
a884
-230503 (base 6) to base 4
-10302213
What is -1057940 (base 11) in base 15?
-269a61
Convert -401772 (base 8) to base 3.
-20201012020
8bb22 (base 14) to base 8
1227362
-441771 (base 9) to base 16
-40678
Convert 21152 (base 8) to base 9.
13068
What is 462295 (base 12) in base 6?
40025505
What is -6664352 (base 8) in base 13?
-4ab823
Convert -6a3308 (base 14) to base 2.
-1101110011110001011100
What is -1a036cc (base 14) in base 9?
-26267256
What is 22310265 (base 7) in base 6?
105251543
What is 2141324 (base 6) in base 16?
1a074
What is -132323224 (base 5) in base 16?
-a2eb2
Convert -3250501 (base 6) to base 10.
-162181
-1ebc19 (base 15) to base 2
-101110000001010000110
What is 2aa63 (base 15) in base 3?
20222101210
Convert -331020040 (base 5) to base 10.
-1423145
60123 (base 7) to base 13
6783
10033023301 (base 4) to base 12
456981
220044013 (base 6) to base 5
2001101121
What is 433062 (base 7) in base 5?
4404004
Convert -21255665 (base 7) to base 9.
-3362138
What is 21114422 (base 5) in base 14?
48325
6fb668 (base 16) to base 15
999397
Convert 3155120 (base 8) to base 3.
1120210110001
-2242882 (base 9) to base 4
-10213100330
10011011101010100 (base 2) to base 8
233524
Convert 2015330035 (base 6) to base 12.
6b2091b
-4012540 (base 6) to base 7
-1413504
What is 10002012210200 (base 3) in base 16?
18fe1f
Convert 22035447 (base 9) to base 14.
15b417d
Convert 137504 (base 10) to base 11.
94344
Convert 18854 (base 11) to base 5.
1320231
-13031301323 (base 4) to base 3
-10120002120202
624936 (base 10) to base 15
c5276
Convert -1211122120012 (base 3) to base 6.
-32540222
Convert -10224422 (base 5) to base 11.
-59878
What is 6253b (base 12) in base 10?
128639
Convert 1000000110000001001011 (base 2) to base 5.
1020344203
What is -2532466 (base 7) in base 13?
-b6089
What is 404016 (base 8) in base 14?
36738
Convert -37421530 (base 8) to base 6.
-453103120
What is 1010201102122 (base 3) in base 2?
10010011100111101111
86366 (base 14) to base 9
544072
Convert -101302332 (base 4) to base 8.
-216276
Convert -3224223 (base 5) to base 15.
-11428
What is -312320231 (base 4) in base 2?
-110110111000101101
What is 2144023 (base 6) in base 2?
11010001010001111
Convert -321022310 (base 4) to base 7.
-1663460
-36b4bb (base 16) to base 4
-31223102323
What is -eced7 (base 16) in base 10?
-970455
Convert 2222212010 (base 3) to base 11.
40316
Convert 7340206 (base 8) to base 3.
10200001122221
1110142430 (base 5) to base 7
26431216
Convert 11440340 (base 5) to base 4.
122210231
Convert 20222001002021 (base 3) to base 5.
1421414234
11332730 (base 8) to base 10
2471384
Convert -2430d3 (base 15) to base 4.
-12212233311
Convert -aa317 (base 12) to base 4.
-312331003
Convert -12440322 (base 5) to base 3.
-20022201201
What is 115123 (base 16) in base 6?
40154031
What is 11111110111101001111111 (base 2) in base 11?
4796898
What is 1938848 (base 12) in base 4?
110032212320
Convert 1100022022112 (base 3) to base 5.
140332100
Convert 2112113040 (base 5) to base 12.
158838b
-258210 (base 11) to base 15
-80558
Convert 180450 (base 11) to base 3.
112011022220
21011111122 (base 3) to base 12
69775
What is -2c596a (base 14) in base 13?
-424695
What is -93415 (base 13) in base 2?
-1000000100010001110
What is 128ba (base 13) in base 16?
869c
Convert -36421435 (base 7) to base 12.
-110833a
What is 7788548 (base 9) in base 4?
33333133013
-40112202 (base 5) to base 8
-1152210
-799297 (base 11) to base 4
-10312122131
-101001100101111010011 (base 2) to base 4
-11030233103
-100100100100110000 (base 2) to base 13
-53259
Convert -1011011011000110 (base 2) to base 3.
-2101011222
Convert -5c71b6 (base 13) to base 11.
-12830a0
-2425266 (base 8) to base 13
-1a4375
Convert -5264420 (base 7) to base 16.
-9bb97
510 (base 14) to base 11
824
What is -10100011111111 (base 2) in base 5?
-313440
What is 310211121201 (base 4) in base 8?
64453141
Convert -1022100210211 (base 3) to base 2.
-10101001111011110111
-25302511 (base 6) to base 7
-6642133
Convert 159a77 (base 14) to base 11.
477548
-2103440 (base 8) to base 16
-88720
-10001000101100110 (base 2) to base 6
-1300010
Convert -45a208 (base 11) to base 6.
-23400041
What is 13203321 (base 